- 24. Is -3*((-7350)/t + -3) composite?
False
Let y(a) = -13*a**3 + 12*a**2 + 17*a - 11. Is y(-12) a prime number?
True
Let q be (-9)/(-5) + (-2)/(-10). Suppose -4*g + 20 = 0, q*g = -5*a - g - 13285. Is (-1)/(-6) + a/(-24) composite?
True
Let x(b) = b**2 + 9*b - 8. Let p be x(-10). Suppose -4*a = i - 0*i + 387, -p*i = -3*a - 304. Let j = a + 247. Is j a prime number?
True
Suppose -4*f - 3 = 1. Let m be 1/f + (-5)/(-1). Suppose 5*b - 4*p = 2951 - 338, 1034 = 2*b + m*p. Is b a composite number?
False
Suppose 3*j + 16*v = 20*v + 48825, 0 = -5*j + 5*v + 81380. Is j a prime number?
False
Suppose -v = -0 - 4. Suppose -5*g = -5*n + 105, 0 = v*g - 3*n - 2*n + 89. Let q = g + 81. Is q a composite number?
True
Let o(l) = -153*l + 6. Let f(n) = 6731*n - 265. Suppose 4*b - 11 + 35 = 0. Let g(a) = b*f(a) - 265*o(a). Is g(1) a composite number?
True
Suppose -3*h = -4*u + 7, u = 5*h + 6*u - 35. Suppose 2 + 3 = -4*d + x, -h*d = -x + 3. Is (-27762)/(-70) - d/5 a prime number?
True
Suppose -3*v - 7 = -19. Let m be v - (2 - -2) - 1. Let l(j) = -327*j + 4. Is l(m) composite?
False
Is (11 + 0)/(5/2935) prime?
False
Let t(i) = -109*i - 32. Let j be t(-3). Let s = j + -150. Is s composite?
True
Let p(l) = 2*l**2 + 3 - 6*l + 6*l**2 + l**2 + 3*l**2. Let o = 2 - 8. Is p(o) prime?
False
Let j(c) = 81838*c**2 - 28*c - 27. Is j(-1) prime?
True
Suppose 9*k - 6 = 4*k + 3*y, 8 = 3*k - 4*y. Suppose 2*n + 8 = -k*n. Is (-3 - (4 + n)) + 56 a prime number?
True
Suppose 65*v = 59*v + 101514. Is v prime?
False
Let r(h) = -27*h + 190. Is r(-13) composite?
False
Let i = 81 + -73. Let m(v) = 8*v**3 - 8*v**2 + 13*v - 17. Is m(i) a composite number?
False
Let z(u) = -u**3 - 2*u**2 + 2*u + 4. Let h be z(-3). Let f(n) = 33*n - 6. Let y be f(h). Is y/2 - (-3)/6 prime?
True
Let a(o) = o**2 + o + 2. Let w be (3/2)/(24/(-32)). Let k be a(w). Suppose k*v - 822 = v. Is v composite?
True
Let b = 0 - -1. Let x be -8 - -10 - (-2 - b). Suppose -x*k + 280 + 295 = 0. Is k prime?
False
Let w = -116 + 136. Is w/(-4)*(-1)/(3/2103) a composite number?
True
Let q(u) be the second derivative of -113*u**3/3 + 15*u**2/2 + 16*u. Is q(-4) prime?
True
Is (2851194/(-93))/(-1 + 0/(-1)) a prime number?
False
Suppose -5*k = 2*n - 26, 2*k + 3*k = -n + 28. Suppose k*u = u. Suppose u = -2*x - 0*x + 1282. Is x prime?
True
Let h be 3/(3/6*-6). Let q = 22 - h. Is q composite?
False
Let k = 982 + -449. Suppose k = -5*z + h + 4726, 0 = -z - 3*h + 845. Is z a prime number?
True
Let t = 11 - 0. Suppose 8*j = t*j - 4503. Is j composite?
True
Let w be (-4 + 469/(-2) + -1)*-6. Suppose 9*y - w = 8*y. Is y composite?
True
Suppose 23*i = 22*i - 16. Is i/(-12)*(-12)/(-16)*1103 a prime number?
True
Let q = 158 - 65. Let m be 7 + q + 0/(-2). Suppose b - 3*i = 29, -2*i = 4*b - 6*i - m. Is b composite?
False
Suppose 3*k + 228 - 60 = 0. Suppose 0*i - 4*i - 132 = 0. Let q = i - k. Is q a prime number?
True
Let n be 485 + 4 - (1 + 1). Let c = 231 + -226. Suppose c*x - 6*x = -n. Is x prime?
True
Suppose -2*x + 5*x = -14340. Is -2*1/(8/x) a prime number?
False
Suppose 6*c + 630098 = 20*c. Is c composite?
False
Let q = -6 + 11. Let t(a) = 111*a**3 + 2*a**2 - 1. Let u be t(1). Suppose -w - q*c = -44, -w + 2*c - u = -3*w. Is w a prime number?
True
Let d(p) = -23 + 9*p + 13 + 13 - 4*p + 3*p**2. Suppose 2*a + 20 = 7*a. Is d(a) composite?
False
Let c be (1 - 35)*12/8. Let p = 22 + c. Is (-3)/((-3)/p)*-3 prime?
False
Let h(y) = 16*y**3 + 2*y**2 + 15*y - 1. Let j(x) = 15*x**3 + 3*x**2 + 13*x - 2. Let m(t) = 4*h(t) - 5*j(t). Is m(-5) composite?
False
Suppose a - 21 = -16. Suppose 3*l + 4*y - 358 = 0, l + a*y = -3*l + 477. Is l composite?
True
Let a(s) = -1860*s**3 + 2*s**2 - 5*s - 6. Let v be a(-1). Let d = v - 306. Is d a composite number?
True
Let o(w) = -w**2 - 2*w + 7. Let b be o(-5). Let h = 33 + b. Is h a composite number?
True
Suppose 0 = 2*x - j - 4, x = -j + 6 + 2. Let h(i) = -10 - i**2 - i**3 + 2*i - x*i**2 + 0*i**3 + 7*i. Is h(-7) composite?
True
Suppose -56*g + 49*g + 54523 = 0. Is g a prime number?
True
Let w(l) = -109*l - 16. Let t(j) = -2*j**2 - 3*j - 3. Let g be t(-2). Is w(g) a prime number?
False
Let p = 21 + -16. Suppose r = -0*r - c - 22, 3*r + p*c = -68. Is (-1996)/(-14) + (-9)/r prime?
False
Let h be (-77)/((-27)/(-9) - 4*1). Suppose -1221 = -h*z + 74*z. Is z a composite number?
True
Suppose -153 = 7*x + 15. Is x/20*(-5295)/6 a prime number?
False
Suppose -3*j + 244346 = 4*g + 19383, -4*j = -g + 56255. Is g a composite number?
True
Let g = -25547 - -41328. Is g prime?
False
Let i(l) = l**2 + 9*l + 1. Let u be i(-9). Is (-7)/7 + (33 - u) composite?
False
Let g be (-3*50/15)/(-2). Is 13/(((-15)/(-21))/g) a prime number?
False
Suppose 17*y + 2124 = 23*y. Let l = y + 557. Is l composite?
False
Suppose 13 - 3 = 2*b. Let h(j) = 269*j - 8. Is h(b) a prime number?
False
Let u be (-3)/((-9)/30) + -3. Let d = 2 + u. Is (1 - 0)/(d/20583) composite?
False
Is (5 - 29014)/(15 + -16) a composite number?
False
Let b(k) = k**2 - 6*k + 2. Let p be b(6). Suppose 0 = -4*u - 3*y + 9, -p*u - 9 = -u - 3*y. Is 3 - (0 + u + -34) prime?
True
Let r(g) = -g**3 + 44*g**2 - 44*g + 17. Is r(38) a prime number?
False
Suppose -3*t - 2*b - 1 = -15, 0 = -5*t + 4*b + 16. Is (t + 3 + -5)*(-919)/(-2) composite?
False
Let u(w) = 20*w + 6. Let r(z) = -z - 1. Let o(g) = -3*r(g) - u(g). Suppose a = -0 - 10. Is o(a) composite?
False
Let m(g) = -g**3 + 7*g**2 - 5*g + 7. Let l be m(6). Let n = l - 10. Suppose -n*c + 97 = -2*c. Is c prime?
True
Suppose -3*x - x - 3*j = -197, -4*x + 222 = -2*j. Is x a composite number?
False
Suppose -4*a + 18570 = -4846. Is a a prime number?
False
Suppose -4*l + 34 = 6. Suppose f + 3*t = -9, 5*f + l*t + 5 = 2*t. Suppose -n + 52 = f*n. Is n a composite number?
False
Suppose 5*z - 314 + 4989 = 0. Let b = z + 1342. Is b a composite number?
True
Let x(w) = 9*w**2 - 2. Suppose -y = -0*y + 6. Let p(j) = j**2 + 5*j - 11. Let o be p(y). Is x(o) composite?
False
Suppose -4*j = -5*j - 1, 3*y - j = 1738. Suppose -5*w + 50 = 5*h, -3*w - 1 = -2*h - 6. Suppose -y = -2*v - p + 358, -3*v + 1438 = -h*p. Is v a prime number?
False
Suppose 0 = -26*n + 12317 + 8249. Is n composite?
True
Suppose 3*a - 4*f - 1 = -11, 0 = -2*a + f. Suppose -2*u + 1338 = -j, a*j = j. Is u composite?
True
Let d be (-4 - 4*-2)*444. Let u = 29288 + d. Is 1/5 + u/55 composite?
True
Suppose 0 = 31*w - 23*w - 10888. Is w composite?
False
Let r(x) = -5*x**2 - 8*x + 5. Let q be r(6). Suppose -2*v - 2*d - 896 = 0, -4*v - 5*d - 1794 = -0*d. Let p = q - v. Is p prime?
True
Suppose -2*r - 2 = 0, -4*r + 12 = -0*d - 4*d. Let u(q) = 365*q + 26. Let o(n) = 122*n + 9. Let x(t) = 11*o(t) - 4*u(t). Is x(d) a prime number?
True
Let l be (33/6 - 3)*2. Suppose -i - 3295 = -5*y - 4*i, 5*y - l*i - 3335 = 0. Is y prime?
False
Let n(q) = 171*q**2 - q + 13. Let g be n(4). Suppose -3*b + g = 3*t, 4*t - 3*b = 2*b + 3678. Is t prime?
False
Suppose 4*a + 25 = -a. Let m(f) = -56*f + 6. Let l be m(a). Suppose 5*x - 572 = x + 5*p, 2*x + p = l. Is x prime?
False
Let v = 10998 - -7265. Is v prime?
False
Is (-471)/(-9)*(-2 + 4 + 157) composite?
True
Suppose 5*w + 2593 = -1622. Is w/(-4)*(40/3)/5 prime?
False
Suppose -2*b = 3*l + 278, 3*l - l = -5*b - 706. Suppose m - 4*z = -83, 384 = 5*m - 9*m + 3*z. Let d = m - b. Is d a composite number?
False
Let b be 6/(-7)*(-4 + 18). Is (-6612)/b - -2*3/3 a prime number?
False
Suppose 2*t - 5*v = 598, 0*t + 598 = 2*t - 4*v. Let s = t - -80. Is s a composite number?
False
Suppose 5*m = 4*o - 80, -2*m + 40 = 2*o + 2*m. Let s = o - 9. Let w(d) = 2*d**3 - 14*d**2 - 10*d + 5. Is w(s) a composite number?
False
Let r be 5138/(-70)*1*5. Let q = r + 630. Is q prime?
True
Is -2*5643/(-2) - 4 a composite number?
False
Suppose -3*n - 4*r = -17365, -35506 = -5*n - 3*r - 6557. Is n a prime number?
True
Let q(b) be the first derivative of -b**2/2 + 12*b - 6. Let a be q(9). Suppose -a*z = 13 - 187. Is z a composite number?
True
Suppose 0 = 47*b - 41*b - 217938. Is b a composite number?
True
Suppose 5 = 5*z, 12530 = 5*t - 5*z - 15040. Is t prime?
False
Let v(y) = -6*y**2 + y - 3. Let p be v(-3). Let w = 53 - p. Is w a prime number?
True
Let l = 5994 + -1244. Suppose -d + 1915 = d - u, 5*u - l = -5*d. Is d a prime number?
False
Suppose a = 2*k - 3*k + 10135, -3*a + 50667 = 5*k. Suppose -7*y 